{"id":9,"date":"2025-09-26T15:32:17","date_gmt":"2025-09-26T15:32:17","guid":{"rendered":"https:\/\/hannelundhus.dk\/?page_id=9"},"modified":"2025-10-09T12:44:58","modified_gmt":"2025-10-09T12:44:58","slug":"__trashed-2","status":"publish","type":"page","link":"https:\/\/hannelundhus.dk\/","title":{"rendered":"Find ud af mere"},"content":{"rendered":"\n<div class=\"wp-block-group alignfull is-layout-constrained wp-container-core-group-is-layout-ebee8dc1 wp-block-group-is-layout-constrained\" style=\"margin-top:0;margin-bottom:0;padding-top:var(--wp--preset--spacing--50);padding-bottom:var(--wp--preset--spacing--50)\">\n<div class=\"wp-block-columns alignwide is-layout-flex wp-container-core-columns-is-layout-28f84493 wp-block-columns-is-layout-flex\">\n<div class=\"wp-block-column is-layout-flow wp-block-column-is-layout-flow\">\n<figure class=\"wp-block-image size-full\" style=\"margin-bottom:24px\"><img loading=\"lazy\" decoding=\"async\" width=\"2315\" height=\"2560\" src=\"https:\/\/hannelundhus.dk\/wp-content\/uploads\/2025\/10\/Hanne-Lundhus-1-scaled.jpg\" alt=\"\" class=\"wp-image-44\" style=\"aspect-ratio:4\/3;object-fit:cover\" srcset=\"https:\/\/hannelundhus.dk\/wp-content\/uploads\/2025\/10\/Hanne-Lundhus-1-scaled.jpg 2315w, https:\/\/hannelundhus.dk\/wp-content\/uploads\/2025\/10\/Hanne-Lundhus-1-271x300.jpg 271w, https:\/\/hannelundhus.dk\/wp-content\/uploads\/2025\/10\/Hanne-Lundhus-1-926x1024.jpg 926w, https:\/\/hannelundhus.dk\/wp-content\/uploads\/2025\/10\/Hanne-Lundhus-1-768x849.jpg 768w, https:\/\/hannelundhus.dk\/wp-content\/uploads\/2025\/10\/Hanne-Lundhus-1-1389x1536.jpg 1389w, https:\/\/hannelundhus.dk\/wp-content\/uploads\/2025\/10\/Hanne-Lundhus-1-1852x2048.jpg 1852w\" sizes=\"auto, (max-width: 2315px) 100vw, 2315px\" \/><\/figure>\n\n\n\n<h3 class=\"wp-block-heading\">Om <a href=\"https:\/\/hannelundhus.dk\/?page_id=84\" data-type=\"page\" data-id=\"84\">Hanne Lundhus<\/a><\/h3>\n<\/div>\n\n\n\n<div class=\"wp-block-column is-layout-flow wp-block-column-is-layout-flow\">\n<figure class=\"wp-block-image size-full\" style=\"margin-bottom:24px\"><img loading=\"lazy\" decoding=\"async\" width=\"872\" height=\"464\" src=\"https:\/\/hannelundhus.dk\/wp-content\/uploads\/2025\/10\/klimaregnskab2-1.jpg\" alt=\"\" class=\"wp-image-49\" style=\"aspect-ratio:4\/3;object-fit:cover\" srcset=\"https:\/\/hannelundhus.dk\/wp-content\/uploads\/2025\/10\/klimaregnskab2-1.jpg 872w, https:\/\/hannelundhus.dk\/wp-content\/uploads\/2025\/10\/klimaregnskab2-1-300x160.jpg 300w, https:\/\/hannelundhus.dk\/wp-content\/uploads\/2025\/10\/klimaregnskab2-1-768x409.jpg 768w\" sizes=\"auto, (max-width: 872px) 100vw, 872px\" \/><\/figure>\n\n\n\n<h3 class=\"wp-block-heading\"><a href=\"https:\/\/hannelundhus.dk\/?page_id=144\" data-type=\"page\" data-id=\"144\">Ydelser<\/a><\/h3>\n<\/div>\n<\/div>\n<\/div>\n\n\n\n<div class=\"wp-block-group alignfull is-layout-constrained wp-block-group-is-layout-constrained\" style=\"margin-top:0;margin-bottom:0;padding-top:var(--wp--preset--spacing--60);padding-bottom:var(--wp--preset--spacing--60)\">\n<div class=\"wp-block-columns alignwide is-layout-flex wp-container-core-columns-is-layout-74b2cda3 wp-block-columns-is-layout-flex\">\n<div class=\"wp-block-column is-layout-flow wp-block-column-is-layout-flow\">\n<div class=\"wp-block-group is-vertical is-content-justification-left is-layout-flex wp-container-core-group-is-layout-7ce391b6 wp-block-group-is-layout-flex\" style=\"min-height:100%\">\n<h2 class=\"wp-block-heading is-style-text-annotation has-x-small-font-size\">Det siger folk<\/h2>\n\n\n\n<p>&#8220;ESG virker indviklet og uoverskueligt, men vi har f\u00e5et mere viden, er blevet klogere p\u00e5 omr\u00e5det og er dermed bedre kl\u00e6dt p\u00e5 til fremtiden og den videre proces. Det har v\u00e6ret en interessant og sp\u00e6ndende proces, hvor vi har l\u00e6rt en masse. Og s\u00e5 har det ogs\u00e5 gjort os nysgerrige, fordi Hanne Lundhus er god til at formidle og oms\u00e6tte det komplekse til noget, man kan forst\u00e5&#8221;<\/p>\n\n\n\n<p>Helle Rasmussen Ahler Shoes&nbsp;&nbsp;&nbsp;<\/p>\n\n\n\n<p><a href=\"https:\/\/ahlershoes.com\/pages\/sustainability\" data-type=\"link\" data-id=\"https:\/\/ahlershoes.com\/pages\/sustainability\">https:\/\/ahlershoes.com\/pages\/sustainability<\/a>\u00a0\u00a0\u00a0\u00a0\u00a0<\/p>\n\n\n\n<p><a href=\"https:\/\/hannelundhus.dk\/wp-content\/uploads\/2025\/10\/Ahler-Shoes-ESG-rapport.pdf\" data-type=\"attachment\" data-id=\"213\">PDF version, Ahler Shoes ESG rapport<\/a>\u00a0\u00a0\u00a0\u00a0\u00a0\u00a0\u00a0\u00a0\u00a0\u00a0\u00a0\u00a0\u00a0\u00a0\u00a0\u00a0\u00a0\u00a0\u00a0\u00a0\u00a0\u00a0\u00a0\u00a0\u00a0\u00a0\u00a0\u00a0\u00a0\u00a0\u00a0\u00a0\u00a0\u00a0\u00a0\u00a0\u00a0\u00a0\u00a0\u00a0\u00a0\u00a0\u00a0\u00a0\u00a0\u00a0\u00a0\u00a0\u00a0\u00a0\u00a0\u00a0\u00a0\u00a0\u00a0\u00a0\u00a0\u00a0\u00a0\u00a0\u00a0\u00a0\u00a0\u00a0\u00a0\u00a0\u00a0\u00a0\u00a0\u00a0\u00a0\u00a0\u00a0\u00a0\u00a0\u00a0\u00a0\u00a0<\/p>\n<\/div>\n<\/div>\n<\/div>\n<\/div>\n","protected":false},"excerpt":{"rendered":"<p>Om Hanne Lundhus Ydelser Det siger folk &#8220;ESG virker indviklet og uoverskueligt, men vi har f\u00e5et mere viden, er blevet klogere p\u00e5 omr\u00e5det og er dermed bedre kl\u00e6dt p\u00e5 til fremtiden og den videre proces. Det har v\u00e6ret en interessant og sp\u00e6ndende proces, hvor vi har l\u00e6rt en masse. Og s\u00e5 har det ogs\u00e5 gjort [&hellip;]<\/p>\n","protected":false},"author":1,"featured_media":0,"parent":0,"menu_order":0,"comment_status":"closed","ping_status":"closed","template":"","meta":{"footnotes":""},"class_list":["post-9","page","type-page","status-publish","hentry"],"_links":{"self":[{"href":"https:\/\/hannelundhus.dk\/index.php?rest_route=\/wp\/v2\/pages\/9","targetHints":{"allow":["GET"]}}],"collection":[{"href":"https:\/\/hannelundhus.dk\/index.php?rest_route=\/wp\/v2\/pages"}],"about":[{"href":"https:\/\/hannelundhus.dk\/index.php?rest_route=\/wp\/v2\/types\/page"}],"author":[{"embeddable":true,"href":"https:\/\/hannelundhus.dk\/index.php?rest_route=\/wp\/v2\/users\/1"}],"replies":[{"embeddable":true,"href":"https:\/\/hannelundhus.dk\/index.php?rest_route=%2Fwp%2Fv2%2Fcomments&post=9"}],"version-history":[{"count":29,"href":"https:\/\/hannelundhus.dk\/index.php?rest_route=\/wp\/v2\/pages\/9\/revisions"}],"predecessor-version":[{"id":214,"href":"https:\/\/hannelundhus.dk\/index.php?rest_route=\/wp\/v2\/pages\/9\/revisions\/214"}],"wp:attachment":[{"href":"https:\/\/hannelundhus.dk\/index.php?rest_route=%2Fwp%2Fv2%2Fmedia&parent=9"}],"curies":[{"name":"wp","href":"https:\/\/api.w.org\/{rel}","templated":true}]}}